8761 composite?
True
Is 10654666837 a prime number?
True
Is 4598233085 a composite number?
True
Is 1392787597 a composite number?
False
Is 1217821883 a composite number?
False
Is 5336415499 composite?
False
Is 9613356721 a prime number?
True
Is 2302277039 a prime number?
False
Is 460906041 prime?
False
Is 280389467 a prime number?
True
Is 51017185046 composite?
True
Is 19107592271 a composite number?
True
Is 20632207033 prime?
False
Is 36229288651 composite?
True
Is 12658813001 composite?
False
Is 139385149 composite?
True
Is 3096498901 a prime number?
False
Is 742251901 a prime number?
False
Is 4470238055 composite?
True
Is 5135406383 prime?
False
Is 2431898999 a composite number?
False
Is 30502591859 a prime number?
True
Is 21660474233 a composite number?
True
Is 3859105241 composite?
False
Is 637766243 composite?
False
Is 489804157 a composite number?
True
Is 6522071201 prime?
True
Is 2666450599 composite?
False
Is 60051601121 composite?
True
Is 6557292713 composite?
False
Is 96768247 a prime number?
True
Is 39065711189 a composite number?
False
Is 727810519 prime?
True
Is 360996679 a composite number?
True
Is 185096001373 a composite number?
True
Is 121960277 a composite number?
True
Is 4144887269 a composite number?
False
Is 3565444453 a composite number?
False
Is 2080475233 a prime number?
False
Is 797433523 a prime number?
False
Is 243183661 composite?
True
Is 66141695107 composite?
False
Is 177597333215 composite?
True
Is 4638761693 a composite number?
True
Is 3380446381 prime?
False
Is 7849926061 a composite number?
False
Is 35418670669 composite?
True
Is 4936339393 a prime number?
True
Is 5417117063 composite?
True
Is 801663697 a composite number?
True
Is 999069689 composite?
False
Is 5067475211 a composite number?
True
Is 54772651 a prime number?
False
Is 5975941493 a prime number?
False
Is 5743655207 prime?
False
Is 237607908491 composite?
False
Is 4475171219 prime?
False
Is 2513031359 a composite number?
True
Is 1213167419 composite?
False
Is 123147976181 a prime number?
True
Is 404701553 a composite number?
False
Is 719987549 prime?
True
Is 14632134587 prime?
False
Is 31745744374 composite?
True
Is 3416966543 a composite number?
True
Is 1245596693 a prime number?
False
Is 742141537 a prime number?
False
Is 55849357411 a composite number?
True
Is 765133297 prime?
False
Is 26313928007 prime?
True
Is 570866159 a prime number?
True
Is 322660339 composite?
False
Is 136717673 prime?
False
Is 1485838331 prime?
False
Is 1653995549 composite?
True
Is 77001304277 a prime number?
True
Is 33388699 prime?
True
Is 260961419 prime?
True
Is 869267657 a composite number?
False
Is 1010263819 prime?
True
Is 3428219 composite?
True
Is 1004025147 composite?
True
Is 3737358069 a prime number?
False
Is 76285691 composite?
False
Is 202741157 composite?
False
Is 9757448318 a prime number?
False
Is 50517335189 composite?
False
Is 4061460163 prime?
True
Is 2857343059 a prime number?
False
Is 44451025649 prime?
False
Is 14650026821 a composite number?
False
Is 6997898033 composite?
True
Is 517638829 a prime number?
True
Is 2444489854 a prime number?
False
Is 15802251727 a prime number?
False
Is 317036129 prime?
False
Is 575115631 a composite number?
True
Is 1581933797 composite?
False
Is 50601831473 a prime number?
True
Is 1440123803 a composite number?
True
Is 1816576459 a prime number?
True
Is 300709273 composite?
False
Is 164163889 a composite number?
True
Is 80009821 a composite number?
False
Is 7526689007 prime?
False
Is 4057004381 a composite number?
False
Is 3380859497 prime?
False
Is 459853733 prime?
True
Is 18715547027 a composite number?
True
Is 16393883417 a composite number?
True
Is 246082427 composite?
True
Is 18307843141 composite?
True
Is 89839103 composite?
True
Is 8284889083 composite?
False
Is 3414541057 prime?
False
Is 295182323 a prime number?
True
Is 10978641173 prime?
True
Is 41504423429 prime?
False
Is 1945267451 a composite number?
True
Is 118364867 a prime number?
True
Is 64897352635 prime?
False
Is 995973157 a composite number?
True
Is 14513267777 composite?
False
Is 7388355001 a composite number?
False
Is 922523689 composite?
False
Is 547273667 prime?
True
Is 17782511 prime?
True
Is 774612613 a composite number?
False
Is 2952467789 a composite number?
False
Is 1885502973 a composite number?
True
Is 381326041 a composite number?
False
Is 13364861011 composite?
True
Is 7784689831 prime?
True
Is 1578642353 prime?
True
Is 3037609711 composite?
True
Is 1480836821 a composite number?
True
Is 22844828471 a prime number?
False
Is 16807968899 prime?
False
Is 3740047127 a prime number?
True
Is 175712269 a prime number?
False
Is 160850527141 composite?
False
Is 343762759 a prime number?
False
Is 8416261311 prime?
False
Is 3540710783 prime?
True
Is 188066497 a prime number?
True
Is 193475851 prime?
True
Is 77076124997 prime?
False
Is 3010854461 prime?
True
Is 54939826 prime?
False
Is 13338885353 a composite number?
False
Is 134825531 a composite number?
True
Is 51071722901 a prime number?
True
Is 21982968611 composite?
True
Is 1753128899 composite?
False
Is 11652320293 a composite number?
False
Is 4152848591 composite?
False
Is 3936326663 a composite number?
True
Is 14129840059 prime?
True
Is 618247583 composite?
True
Is 13468542223 a composite number?
False
Is 2860546513 composite?
True
Is 1555569321 a composite number?
True
Is 8260987127 composite?
True
Is 12907107749 a prime number?
False
Is 29343215533 a composite number?
False
Is 994857491 composite?
True
Is 445613267 a prime number?
False
Is 59492020814 composite?
True
Is 1363570633 prime?
False
Is 371923033 a composite number?
False
Is 16467290597 composite?
False
Is 3574109843 a prime number?
False
Is 1096724857 composite?
False
Is 26659068869 a prime number?
True
Is 13146632315 prime?
False
Is 4249949113 a composite number?
True
Is 2151502055 a prime number?
False
Is 970556113 composite?
True
Is 19482750839 a prime number?
False
Is 114596393 composite?
True
Is 20435026939 a prime number?
False
Is 148089559 a prime number?
False
Is 222522229 prime?
False
Is 45022579621 a prime number?
False
Is 23929043 prime?
False
Is 399090527 composite?
True
Is 5351284591 a composite number?
False
Is 55996346899 composite?
False
Is 106944002234 a prime number?
False
Is 31545367793 composite?
True
Is 7412553199 a prime number?
True
Is 977438285 composite?
True
Is 637170101 prime?
True
Is 7257920669 a composite number?
False
Is 814745543 prime?
False
Is 120339594013 prime?
True
Is 12301257599 a prime number?
False
Is 1335918589 a composite number?
False
Is 942664457 a prime number?
False
Is 2881663381 a composite number?
True
Is 4681815337 a prime number?
False
Is 2283718453 a prime number?
True
Is 455583787 composite?
False
Is 10288782577 a prime number?
True
Is 16643562319 a composite number?
False
Is 154907839 composite?
False
Is 6093809429 composite?
False
Is 61840817 a composite number?
False
Is 840475421 a prime number?
False
Is 8060339767 a composite number?
False
Is 73895137 a composite number?
False
Is 34133644229 a composite number?
True
Is 25340884039 composite?
False
Is 7779786317 composite?
True
Is 24981135317 a prime number?
True
Is 29047372503 a prime number?
False
Is 35951035571 a composite number?
True
Is 15204093 a prime number?
False
Is 247396567 a prime number?
False
Is 212032897 prime?
True
Is 724305437 a composite number?
True
Is 1174821377 prime?
True
Is 402310717 a prime number?
True
Is 1073278097 a composite number?
True
Is 10500473 a composite number?
False
Is 3719605991 composite?
True
Is 614121239 a prime number?
True
Is 516176317 a prime number?
False
Is 26286536383 a composite number?
False
Is 1414771751 a prime number?
True
Is 4326470963 prime?
True
Is 1174476827 a prime number?
True
Is 2610200157 prime?
False
Is 407503487 prime?
False
Is 229582051 composite?
True
Is 5344025783 prime?
False
Is 322379679145 a composite number?
True
Is 21032576077 prime?
True
Is 19578547847 composite?
False
Is 3071055781 prime?
True
Is 572609545 prime?
False
Is 6494043383 a prime number?
False
Is 12788071181 composite?
False
Is 816201769 a composite number?
False
Is 1095207973 composite?
True
Is 96658692407 prime?
True
Is 22275824843 a composite number?
False
Is 196516717 prime?
False